rime factors of l?
11
Suppose -v - 3*v = -p + 117, -2*p - 2*v + 204 = 0. Suppose -4*u - 5*s = -p - 150, -s - 57 = -u. Suppose 0 = 4*n + n - u. What are the prime factors of n?
2, 3
List the prime factors of (26/2)/1 + 1.
2, 7
Suppose 58 = -2*m + 2*s + 154, 5*s = 4*m - 191. Let a = m + -29. List the prime factors of a.
2, 5
Let f(u) = 27*u + 2. Let y(w) = 14*w + 1. Let x(g) = -3*f(g) + 7*y(g). Let j be x(1). Suppose -4*d + j + 34 = 0. List the prime factors of d.
13
Suppose 580 = 4*q + 188. What are the prime factors of q?
2, 7
Suppose c - 4*b + 26 = 0, -2*c = -c + 5*b - 1. Let y be 14/2*(-20)/c. Suppose y = 4*a + q + q, 5*a + 3*q = 10. List the prime factors of a.
5
Suppose -2*m = -4*a - 28 - 2, 55 = 4*m - 3*a. Suppose -3*z + 2*x + m = -2*z, 3*z - 72 = -5*x. List the prime factors of z.
19
Suppose 3*m - 8 = m. Suppose -5*i - 7 - 3 = -5*f, -2*i + m = 0. List the prime factors of f.
2
Let u = 89 + -28. List the prime factors of u.
61
What are the prime factors of (-2)/7 + (-1)/((-56)/11944)?
3, 71
Let y(o) = o**2 - 8*o - 9. Let l be y(10). Let j(v) = -v**2 + 14*v + 2. Let d be j(l). Suppose -30 = -5*r + 5*w, -d = -4*r + w + 1. List the prime factors of r.
2, 5
Let x = 363 - 167. What are the prime factors of x?
2, 7
Let r = -9 + 77. List the prime factors of r.
2, 17
Suppose -3*n + 4*n = -t - 10, 5 = -5*t + 4*n. Let v(q) = q**2 + 2*q - 3. What are the prime factors of v(t)?
2, 3
Let z(c) = -3*c**3 + 5*c**2 + c + 3. Let h(k) = -4*k**3 + 5*k**2 + 2*k + 3. Let v(g) = 4*h(g) - 5*z(g). What are the prime factors of v(-6)?
3, 5
Let g(m) be the third derivative of m**6/360 - m**5/40 + m**4/8 - m**3/3 + 2*m**2. Let d(n) be the first derivative of g(n). What are the prime factors of d(3)?
3
What are the prime factors of ((-20)/14)/((-10)/70)?
2, 5
Suppose 0 = -5*o - 2*d + 744, -d - 2 = 1. What are the prime factors of o?
2, 3, 5
Let a(u) = u**3 - 2*u**2 - u - 4. Let m be a(3). What are the prime factors of (-49)/(-2) - m/4?
2, 3
Let h be 178/(-12) + (-4)/24. Let y = -2 - h. List the prime factors of y.
13
Suppose -23 - 2 = -5*j. Suppose 0*s - 22 = -2*s - 5*y, -19 = s - j*y. Suppose -d + 13 = 5*x, -2*d + 5*x = d + s. List the prime factors of d.
3
Let j(p) = 44*p**2 - 1. Let o be j(1). Suppose -4*k = -3*d - 28 - o, 3 = -3*d. Suppose -4*r - 1 + k = 0. List the prime factors of r.
2
Let s(w) = w**2 - 3*w + 4. Let g(x) = -x**3 - 4*x**2 + 3*x - 6. Let u be g(-5). Let v be s(u). Let t = v + -2. List the prime factors of t.
2, 3
Let s = -12 + 18. Let q(a) = -3*a + 8. Let d(n) = -1. Let m(f) = d(f) - q(f). What are the prime factors of m(s)?
3
Suppose 0 = -3*m - x + 2, -4*m + 3*x = -m - 18. Let v(n) = 6*n + n + n**m - 3*n. List the prime factors of v(-5).
5
Suppose 0 = -a + 2*a - 19. Let s = a - 12. What are the prime factors of s?
7
Let n(r) = -r - 3. Suppose 0 = 2*v - 7*v - 50. What are the prime factors of n(v)?
7
Suppose -265 = -0*m - 4*m - 3*s, -3*m + s = -202. Suppose 0 = -5*f + b + 208, 2*f + 2*b - m = -3*b. What are the prime factors of f?
41
Let g = 2 - -1. Suppose -g*f = 1 - 16. Let i(y) = y**3 - 4*y**2 - 4*y + 3. What are the prime factors of i(f)?
2
Suppose -12 + 2 = -2*f, 0 = h + f - 2. Let l be -12 - (1*6)/h. Let u = l - -17. What are the prime factors of u?
7
Let v(r) = r + 9. Suppose o - 32 = 5*k, 1 + 2 = -o - 2*k. What are the prime factors of v(o)?
2
Let o = -1 - -3. Suppose o*m + 0 = 4. What are the prime factors of m?
2
Let r = 40 + -35. Let u = 0 + 2. Suppose -u*g = -7 - r. List the prime factors of g.
2, 3
Let i(l) be the first derivative of 3*l**2/2 - 3*l - 1. List the prime factors of i(5).
2, 3
Let s(f) = 5*f**2 + 4*f + 2. List the prime factors of s(4).
2, 7
What are the prime factors of -164*((-21)/6 - -3)?
2, 41
Let g be 3*1*(-1)/3. Let h(f) be the first derivative of 17*f**3/3 + f**2 + f - 6. What are the prime factors of h(g)?
2
List the prime factors of 12*2/28*175.
2, 3, 5
Let i(q) = -2*q + 4. Let d be i(4). What are the prime factors of 8/d - (2 + -15)?
11
Let i be 0 + -10*1/(-2). Let t = i + 2. List the prime factors of t.
7
List the prime factors of ((-10)/25)/((-2)/110).
2, 11
What are the prime factors of 1*(-4)/((-12)/243)?
3
Let w(u) = 2*u + 9. What are the prime factors of w(7)?
23
Let n(p) = -1 + 2*p**3 + 6 - 4 - p + 10*p**3. Let c be n(1). Let k = c - -1. List the prime factors of k.
13
What are the prime factors of (-1)/(-3)*(-6 - -24)?
2, 3
Let k = 0 - -1. Let t = 9 + k. Suppose -t = -2*w + 6. List the prime factors of w.
2
Suppose -13*y - 84 = -16*y. List the prime factors of y.
2, 7
Let c be (-122)/(-8) + 1/(-4). Let m = -10 + 2. Let d = c + m. What are the prime factors of d?
7
Suppose -3*n = 4*k - 280, -3*n - 68 - 142 = -3*k. List the prime factors of k.
2, 5, 7
Suppose 0 = -g - 5*u + 12, -6*u + 11*u = 0. Suppose 3*c + c + 12 = 2*o, 2*c + 2*o + g = 0. What are the prime factors of ((-9)/c)/((-6)/(-16))?
2, 3
Suppose 7 = 4*z - 41. What are the prime factors of z?
2, 3
Suppose 0*b - 2*b = 3*j - 23, 2*b - 33 = -5*j. List the prime factors of b.
2
Suppose -5*j = 5, -q = 3*j + 2*j + 1. Suppose 0 = -q*h + 3*y + 24, 2*h + h + 11 = -5*y. What are the prime factors of h?
3
Let p(w) = w**3 - w**2 - w - 2. Suppose 0*k = -5*k + 15. List the prime factors of p(k).
13
List the prime factors of ((-414)/(-60) - (-1)/(-2))*5.
2
Suppose z = -2*a + 99, 2*z - 137 = -3*a + 9. Suppose -4*v + 5*r = -a, 5*r + 39 = 3*v + r. Let m = v - 8. What are the prime factors of m?
5
Suppose -3*x - 246 = -6*x. List the prime factors of x.
2, 41
Let n(p) = -p**3 + 4*p**2 - 2*p + 3. Suppose 5*m = -3*x + 9, 4*m = -2*x - m + 6. Let l be n(x). Let j = 14 - l. List the prime factors of j.
2
Let u(g) = g**3 - 14*g**2 + 16*g - 29. What are the prime factors of u(13)?
2, 5
List the prime factors of (62/6)/(2/6).
31
Suppose 2*v + 3 = v, z - 2 = -2*v. List the prime factors of z.
2
Let a be 1*((5 - 2) + 2). Suppose 47 = 5*t + 4*b, -t - a*b - 1 + 2 = 0. List the prime factors of t.
11
Let f be 25 + 3 + 1 - -2. Let q = 67 - f. What are the prime factors of q?
2, 3
Suppose -2*j = 4*a - 18, 0 - 6 = j - 3*a. Suppose -2*l = 5*x - 9, 15 = x + x - j*l. Suppose i + 2 = -5*k - x*i, i = k - 5. List the prime factors of k.
2
Let j be (-15)/(-2*3/(-4)). Let a = j - -20. What are the prime factors of 102/10 - 2/a?
2, 5
Suppose 2*w - 14 = 86. List the prime factors of w.
2, 5
Suppose 0*a - 35 = -a. Suppose h = a + 5. Suppose -6 + h = 2*p. What are the prime factors of p?
17
Let y be (-4)/(-12)*(-9)/(-1). Suppose a + 2 = -3*p + 25, -y*a - 4*p + 59 = 0. List the prime factors of a.
17
Suppose -33 = -3*w + 24. Let f = w + 5. List the prime factors of f.
2, 3
Let v = 3 - 3. Suppose 2*u + 8 = v, -2*n - 5*u = n - 1. What are the prime factors of n?
7
Let s(k) = -k**3 + 8*k**2 - 8*k + 5. What are the prime factors of s(5)?
2, 5
List the prime factors of 0 - ((-1)/(-2) + 271/(-2)).
3, 5
What are the prime factors of 9/15 + 14/10?
2
Suppose -2*w - 39 = -2*z - 3*z, 2*z + 3*w - 27 = 0. Suppose 59 = 2*m + 4*c - 5*c, 3*c = -z. Let b = 40 - m. List the prime factors of b.
2, 3
Let t(r) = r**3 + 5*r**2 - 7. Let p be t(-5). Let a = p + 13. Suppose -n - 15 = -2*g - a*n, 3*g = 3*n + 33. What are the prime factors of g?
2, 5
Suppose 0 = p - 0*p + 1. Let c = 5 - p. What are the prime factors of c?
2, 3
List the prime factors of (-21 + 5)*(-9 - -2).
2, 7
Suppose -5*y + m - 56 = -3*y, 2*y + 52 = 2*m. What are the prime factors of y/4*(-18)/9?
3, 5
Let m be -10*1*30/(-25). List the prime factors of (153/m)/((-3)/(-8)).
2, 17
Let l(k) = k**2 + k. Let i(t) = t**3 - 5*t**2 - 5*t. Let a be i(6). Suppose 3*x + 2*f + 4 = 0, 5*x = 3*f - 26 - a. List the prime factors of l(x).
2, 3
Suppose 296 = 4*w - 0*w + 4*k, -5*k + 294 = 4*w. What are the prime factors of w?
2, 19
Let a(p) be the second derivative of -p**4/12 + 5*p**3/3 - 3*p**2 + 3*p. Let l be a(9). Suppose -l = x - 3*u, x = u - 5*u + 11. What are the prime factors of x?
3
Let y = -5 - -15. Suppose 0 = 2*w - 0*w - y. Let l(r) = -r**2 + 7*r - 2. What are the prime factors of l(w)?
2
Suppose 4*r = 5*p - 45 + 300, 0 = -4*p - 12. Let v = 85 - r. What are the prime factors of v?
5
Suppose 10*j - 1882 = 158. List the prime factors of j.
2, 3, 17
Let o = 20 - 5. What are the prime factors of 1749/45 - (-2)/o?
3, 13
Suppose 2*f = -4*t, 0 = -2*f + 6*t - 2